{"id":27,"date":"2019-07-11T15:01:37","date_gmt":"2019-07-11T13:01:37","guid":{"rendered":"http:\/\/158.193.113.185\/jasna\/?page_id=27"},"modified":"2025-11-06T13:06:57","modified_gmt":"2025-11-06T12:06:57","slug":"registracia","status":"publish","type":"page","link":"https:\/\/konferenciajasna.sk\/index.php\/registracia\/","title":{"rendered":"Registr\u00e1cia"},"content":{"rendered":"\r\n\n<p>Registr\u00e1cia na konferenciu bola ukon\u010den\u00e1.<\/p>\n","protected":false},"excerpt":{"rendered":"<p>Registr\u00e1cia na konferenciu bola ukon\u010den\u00e1.<\/p>\n","protected":false},"author":1,"featured_media":0,"parent":0,"menu_order":0,"comment_status":"closed","ping_status":"closed","template":"","meta":{"footnotes":""},"class_list":["post-27","page","type-page","status-publish","hentry"],"_links":{"self":[{"href":"https:\/\/konferenciajasna.sk\/index.php\/wp-json\/wp\/v2\/pages\/27","targetHints":{"allow":["GET"]}}],"collection":[{"href":"https:\/\/konferenciajasna.sk\/index.php\/wp-json\/wp\/v2\/pages"}],"about":[{"href":"https:\/\/konferenciajasna.sk\/index.php\/wp-json\/wp\/v2\/types\/page"}],"author":[{"embeddable":true,"href":"https:\/\/konferenciajasna.sk\/index.php\/wp-json\/wp\/v2\/users\/1"}],"replies":[{"embeddable":true,"href":"https:\/\/konferenciajasna.sk\/index.php\/wp-json\/wp\/v2\/comments?post=27"}],"version-history":[{"count":30,"href":"https:\/\/konferenciajasna.sk\/index.php\/wp-json\/wp\/v2\/pages\/27\/revisions"}],"predecessor-version":[{"id":20250,"href":"https:\/\/konferenciajasna.sk\/index.php\/wp-json\/wp\/v2\/pages\/27\/revisions\/20250"}],"wp:attachment":[{"href":"https:\/\/konferenciajasna.sk\/index.php\/wp-json\/wp\/v2\/media?parent=27"}],"curies":[{"name":"wp","href":"https:\/\/api.w.org\/{rel}","templated":true}]}}