{"id":18,"date":"2019-07-11T14:55:49","date_gmt":"2019-07-11T12:55:49","guid":{"rendered":"http:\/\/158.193.113.185\/jasna\/?page_id=18"},"modified":"2025-11-18T12:37:52","modified_gmt":"2025-11-18T11:37:52","slug":"uvod","status":"publish","type":"page","link":"https:\/\/konferenciajasna.sk\/","title":{"rendered":"55. konferencia slovensk\u00fdch matematikov"},"content":{"rendered":"\r\n<p class=\"has-text-align-center\"><strong>Pobo\u010dka JSMF v \u017diline<\/strong><\/p>\r\n\r\n\r\n\r\n<p class=\"has-text-align-center\"><strong>Katedra aplikovanej matematiky a&nbsp;Katedra stavebnej mechaniky a aplikovanej matematiky<\/strong><br><strong>\u017dilinskej univerzity v \u017diline<\/strong><\/p>\r\n\r\n\r\n\r\n<p class=\"has-text-align-center\"><strong>Slovensk\u00e1 matematick\u00e1 spolo\u010dnos\u0165 &#8211; sekcia JSMF<\/strong><br><\/p>\r\n\r\n\r\n\r\n<p>V\u00fdbor SMS &#8211; sekcia JSMF spolu s pobo\u010dkou JSMF v \u017diline a matematick\u00fdmi katedrami \u017dilinskej univerzity v \u017diline organizuj\u00fa v d\u0148och<strong>&nbsp;20. 11. &#8211; 23. 11. 2025<\/strong><\/p>\r\n\r\n\r\n\r\n<p class=\"has-text-align-center has-medium-font-size\"><strong>55. KONFERENCIU SLOVENSK\u00ddCH MATEMATIKOV<\/strong><\/p>\r\n\r\n\r\n\r\n<p class=\"has-text-align-center\"><strong>v Jasnej pod Chopkom<\/strong><\/p>\r\n\r\n\r\n\r\n<p class=\"has-vivid-red-color has-text-color has-link-color wp-elements-c81ac87b23ca9b69b7148e19835f6918\">\u2794 <a href=\"https:\/\/konferenciajasna.sk\/wp-content\/uploads\/2025\/11\/program55.pdf\" target=\"_blank\" rel=\"noreferrer noopener\">Program konferencie<\/a><\/p>\r\n\r\n\r\n\r\n<p>Program konferencie zabezpe\u010duje v\u00fdbor SMS a&nbsp;bude zameran\u00fd na aktu\u00e1lne probl\u00e9my v\u00fdu\u010dby na Z\u0160, S\u0160,&nbsp;V\u0160 a&nbsp;rozvoj a&nbsp;vyu\u017eitie matematiky v&nbsp;praxi.<\/p>\r\n\r\n\r\n\r\n<p>Ako hlavn\u00ed predn\u00e1\u0161atelia boli pozvan\u00ed:<\/p>\r\n\r\n\r\n\r\n<ul class=\"wp-block-list\">\r\n<li><strong>doc. Mgr. Luk\u00e1\u0161 Laff\u00e9rs, PhD.<\/strong>, UMB v Banskej Bystrici<\/li>\r\n\r\n\r\n\r\n<li><strong>doc. Mgr. Tibor Macko, PhD.<\/strong>, UK v Bratislave<\/li>\r\n\r\n\r\n\r\n<li><strong>doc. RNDr. \u013dubom\u00edr Antoni, PhD.<\/strong>, UPJ\u0160 v Ko\u0161iciach<\/li>\r\n<\/ul>\r\n\r\n\r\n\r\n<p>S\u00fa\u010das\u0165ou konferencie bude aj t\u00e9ma: <strong>Po\u017eiadavky V\u0160 na matematick\u00fa gramotnos\u0165 pre \u0161t\u00fadium STEM odborov<\/strong>.<\/p>\r\n\r\n\r\n\r\n<p>Konferencia sa bude kona\u0165 v hoteli <a href=\"https:\/\/bjornsonka.sk\/\">Bj\u00f6rnson<\/a> v Jasnej pod Chopkom.<\/p>\r\n\r\n\r\n\r\n<p><\/p>\r\n","protected":false},"excerpt":{"rendered":"<p>Pobo\u010dka JSMF v \u017diline Katedra aplikovanej matematiky a&nbsp;Katedra stavebnej mechaniky a aplikovanej matematiky\u017dilinskej univerzity v \u017diline Slovensk\u00e1 matematick\u00e1 spolo\u010dnos\u0165 &#8211; sekcia JSMF V\u00fdbor SMS &#8211; sekcia JSMF spolu s pobo\u010dkou JSMF v \u017diline a matematick\u00fdmi katedrami \u017dilinskej univerzity v \u017diline organizuj\u00fa v d\u0148och&nbsp;20. 11. &#8211; 23. 11. 2025 55. KONFERENCIU SLOVENSK\u00ddCH MATEMATIKOV v Jasnej pod&#8230;<\/p>\n","protected":false},"author":1,"featured_media":0,"parent":0,"menu_order":0,"comment_status":"closed","ping_status":"closed","template":"page-templates\/full-width.php","meta":{"footnotes":""},"class_list":["post-18","page","type-page","status-publish","hentry"],"_links":{"self":[{"href":"https:\/\/konferenciajasna.sk\/index.php\/wp-json\/wp\/v2\/pages\/18","targetHints":{"allow":["GET"]}}],"collection":[{"href":"https:\/\/konferenciajasna.sk\/index.php\/wp-json\/wp\/v2\/pages"}],"about":[{"href":"https:\/\/konferenciajasna.sk\/index.php\/wp-json\/wp\/v2\/types\/page"}],"author":[{"embeddable":true,"href":"https:\/\/konferenciajasna.sk\/index.php\/wp-json\/wp\/v2\/users\/1"}],"replies":[{"embeddable":true,"href":"https:\/\/konferenciajasna.sk\/index.php\/wp-json\/wp\/v2\/comments?post=18"}],"version-history":[{"count":82,"href":"https:\/\/konferenciajasna.sk\/index.php\/wp-json\/wp\/v2\/pages\/18\/revisions"}],"predecessor-version":[{"id":20267,"href":"https:\/\/konferenciajasna.sk\/index.php\/wp-json\/wp\/v2\/pages\/18\/revisions\/20267"}],"wp:attachment":[{"href":"https:\/\/konferenciajasna.sk\/index.php\/wp-json\/wp\/v2\/media?parent=18"}],"curies":[{"name":"wp","href":"https:\/\/api.w.org\/{rel}","templated":true}]}}

55. konferencia slovenských matematikov

<p class="has-text-align-center"><strong>Pobočka JSMF v Žiline</strong></p>



<p class="has-text-align-center"><strong>Katedra aplikovanej matematiky a&nbsp;Katedra stavebnej mechaniky a aplikovanej matematiky</strong><br><strong>Žilinskej univerzity v Žiline</strong></p>



<p class="has-text-align-center"><strong>Slovenská matematická spoločnosť &#8211; sekcia JSMF</strong><br></p>



<p>Výbor SMS &#8211; sekcia JSMF spolu s pobočkou JSMF v Žiline a matematickými katedrami Žilinskej univerzity v Žiline organizujú v dňoch<strong>&nbsp;20. 11. &#8211; 23. 11. 2025</strong></p>



<p class="has-text-align-center has-medium-font-size"><strong>55. KONFERENCIU SLOVENSKÝCH MATEMATIKOV</strong></p>



<p class="has-text-align-center"><strong>v Jasnej pod Chopkom</strong></p>



<p class="has-vivid-red-color has-text-color has-link-color wp-elements-c81ac87b23ca9b69b7148e19835f6918">➔ <a href="https://konferenciajasna.sk/wp-content/uploads/2025/11/program55.pdf" target="_blank" rel="noreferrer noopener">Program konferencie</a></p>



<p>Program konferencie zabezpečuje výbor SMS a&nbsp;bude zameraný na aktuálne problémy výučby na ZŠ, SŠ,&nbsp;VŠ a&nbsp;rozvoj a&nbsp;využitie matematiky v&nbsp;praxi.</p>



<p>Ako hlavní prednášatelia boli pozvaní:</p>



<ul class="wp-block-list">
<li><strong>doc. Mgr. Lukáš Lafférs, PhD.</strong>, UMB v Banskej Bystrici</li>



<li><strong>doc. Mgr. Tibor Macko, PhD.</strong>, UK v Bratislave</li>



<li><strong>doc. RNDr. Ľubomír Antoni, PhD.</strong>, UPJŠ v Košiciach</li>
</ul>



<p>Súčasťou konferencie bude aj téma: <strong>Požiadavky VŠ na matematickú gramotnosť pre štúdium STEM odborov</strong>.</p>



<p>Konferencia sa bude konať v hoteli <a href="https://bjornsonka.sk/">Björnson</a> v Jasnej pod Chopkom.</p>



<p></p>

<p>Pobočka JSMF v Žiline Katedra aplikovanej matematiky a&nbsp;Katedra stavebnej mechaniky a aplikovanej matematikyŽilinskej univerzity v Žiline Slovenská matematická spoločnosť &#8211; sekcia JSMF Výbor SMS &#8211; sekcia JSMF spolu s pobočkou JSMF v Žiline a matematickými katedrami Žilinskej univerzity v Žiline organizujú v dňoch&nbsp;20. 11. &#8211; 23. 11. 2025 55. KONFERENCIU SLOVENSKÝCH MATEMATIKOV v Jasnej pod&#8230;</p>
